{"id":14925,"date":"2022-01-31T15:06:58","date_gmt":"2022-01-31T14:06:58","guid":{"rendered":"https:\/\/www.microsteel.com\/historia\/"},"modified":"2026-01-27T17:28:35","modified_gmt":"2026-01-27T16:28:35","slug":"historia","status":"publish","type":"page","link":"https:\/\/www.microsteel.com\/pl\/historia\/","title":{"rendered":"Historia"},"content":{"rendered":"<div class=\"container\"><div class=\"row\"><div class=\"col-12 columnsleftrightmedia\">\n<div class=\"wp-block-columns is-layout-flex wp-container-core-columns-is-layout-9d6595d7 wp-block-columns-is-layout-flex\">\n<div class=\"wp-block-column is-layout-flow wp-block-column-is-layout-flow\" style=\"flex-basis:100%\"><div class=\"container\"><div class=\"row\"><div class=\"col-12 columnsleftrightmedia\">\n<div class=\"wp-block-columns is-layout-flex wp-container-core-columns-is-layout-9d6595d7 wp-block-columns-is-layout-flex\">\n<div class=\"wp-block-column is-layout-flow wp-block-column-is-layout-flow\"><div class=\"container\"><div class=\"row\"><div class=\"col-12 paragraph\">\n<p><strong>1978<\/strong>: powstanie firmy MICROSTEEL w Vern-sur-Seiche (departament 35). Dzia\u0142alno\u015b\u0107 od pocz\u0105tku ukierunkowana na odlewanie precyzyjne metod\u0105 wosku traconego dla przemys\u0142u lotniczego.<\/p>\n<\/div><\/div><\/div>\n\n<div class=\"container\"><div class=\"row\"><div class=\"col-12 paragraph\">\n<p><\/p>\n<\/div><\/div><\/div>\n\n<div class=\"container\"><div class=\"row\"><div class=\"col-12 paragraph\">\n<p><strong>1994<\/strong>: utworzenie sp\u00f3\u0142ki CIMD w Corps-Nuds (35), wyspecjalizowanej w odlewaniu od\u015brodkowym oraz obr\u00f3bce stop\u00f3w na bazie kobaltu.<\/p>\n<\/div><\/div><\/div>\n\n<div class=\"container\"><div class=\"row\"><div class=\"col-12 paragraph\">\n<p><\/p>\n<\/div><\/div><\/div>\n\n<div class=\"container\"><div class=\"row\"><div class=\"col-12 paragraph\">\n<p><strong>2003<\/strong>: po\u0142\u0105czenie MICROSTEEL i CIMD, powstanie MICROSTEEL-CIMD.<\/p>\n<\/div><\/div><\/div>\n\n<div class=\"container\"><div class=\"row\"><div class=\"col-12 paragraph\">\n<p><\/p>\n<\/div><\/div><\/div>\n\n<div class=\"container\"><div class=\"row\"><div class=\"col-12 paragraph\">\n<p><strong>2008<\/strong>: rozbudowa zak\u0142adu w Vern-sur-Seiche oraz instalacja pieca do obr\u00f3bki cieplnej w pr\u00f3\u017cni.<\/p>\n<\/div><\/div><\/div>\n\n<div class=\"container\"><div class=\"row\"><div class=\"col-12 paragraph\">\n<p><\/p>\n<\/div><\/div><\/div>\n\n<div class=\"container\"><div class=\"row\"><div class=\"col-12 paragraph\">\n<p><strong>2011<\/strong>: rozbudowa zak\u0142adu w Corps-Nuds, instalacja indukcyjnego pieca do topienia na szynach o pojemno\u015bci 150 kg oraz zakup 4-osiowego centrum obr\u00f3bczego.<\/p>\n<\/div><\/div><\/div>\n\n<div class=\"container\"><div class=\"row\"><div class=\"col-12 paragraph\">\n<p><\/p>\n<\/div><\/div><\/div>\n\n<div class=\"container\"><div class=\"row\"><div class=\"col-12 paragraph\">\n<p><strong>2012 \/ 2013<\/strong>: druga faza rozbudowy zak\u0142adu w Vern-sur-Seiche; instalacja pieca do topienia odlew\u00f3w z tytanu (25 kg) oraz superstop\u00f3w (80 kg).<\/p>\n<\/div><\/div><\/div>\n\n<div class=\"container\"><div class=\"row\"><div class=\"col-12 paragraph\">\n<p><\/p>\n<\/div><\/div><\/div>\n\n<div class=\"container\"><div class=\"row\"><div class=\"col-12 paragraph\">\n<p><strong>2014<\/strong>: zakup dw\u00f3ch nowych maszyn do ci\u0119cia drutowego oraz maszyny do docierania dla zak\u0142adu w Corps-Nuds.<\/p>\n<\/div><\/div><\/div>\n\n<div class=\"container\"><div class=\"row\"><div class=\"col-12 paragraph\">\n<p><\/p>\n<\/div><\/div><\/div>\n\n<div class=\"container\"><div class=\"row\"><div class=\"col-12 paragraph\">\n<p><strong>2015<\/strong>: zakup wsp\u00f3\u0142rz\u0119dno\u015bciowej maszyny pomiarowej ZEISS, kolejnych maszyn do ci\u0119cia drutowego oraz pieca do podgrzewania form dla odlew\u00f3w z tytanu.<\/p>\n<\/div><\/div><\/div>\n\n<div class=\"container\"><div class=\"row\"><div class=\"col-12 paragraph\">\n<p><\/p>\n<\/div><\/div><\/div>\n\n<div class=\"container\"><div class=\"row\"><div class=\"col-12 paragraph\">\n<p><strong>2017<\/strong>: utworzenie Grupy VIRGO, obejmuj\u0105cej sp\u00f3\u0142ki MICROSTEEL-CIMD oraz BESNARD, specjalist\u0119 w zakresie form do termoformowania, rotomouldingu i obr\u00f3bki mechanicznej (Flers, 61).<\/p>\n<\/div><\/div><\/div><\/div>\n\n\n\n<div class=\"wp-block-column is-layout-flow wp-block-column-is-layout-flow\"><div class=\"container\"><div class=\"row\"><div class=\"col-12 paragraph\">\n<p><strong>2018<\/strong>: doposa\u017cenie MICROSTEEL-CIMD w zaawansowane \u015brodki obr\u00f3bcze umo\u017cliwiaj\u0105ce kompleksow\u0105 obs\u0142ug\u0119 klient\u00f3w; obj\u0119cie stanowiska Dyrektora Generalnego przez Didiera Chaboche\u2019a. <\/p>\n<\/div><\/div><\/div>\n\n<div class=\"container\"><div class=\"row\"><div class=\"col-12 paragraph\">\n<p><\/p>\n<\/div><\/div><\/div>\n\n<div class=\"container\"><div class=\"row\"><div class=\"col-12 paragraph\">\n<p>2019: rozbudowa zak\u0142adu w Vern-sur-Seiche o ponad 550 m<sup>\u00b2<\/sup> powierzchni magazynowej; reorganizacja produkcji umo\u017cliwiaj\u0105ca wytwarzanie wi\u0119kszych element\u00f3w; zakup trzeciego pieca do obr\u00f3bki cieplnej. <\/p>\n<\/div><\/div><\/div>\n\n<div class=\"container\"><div class=\"row\"><div class=\"col-12 paragraph\">\n<p><\/p>\n<\/div><\/div><\/div>\n\n<div class=\"container\"><div class=\"row\"><div class=\"col-12 paragraph\">\n<p><strong>2020<\/strong>: Didier Chaboche zostaje Prezesem Grupy VIRGO.<br\/>MICROSTEEL dywersyfikuje dzia\u0142alno\u015b\u0107, wchodz\u0105c na rynek implant\u00f3w medycznych, i uzyskuje certyfikacj\u0119 ISO 13485.<\/p>\n<\/div><\/div><\/div>\n\n<div class=\"container\"><div class=\"row\"><div class=\"col-12 paragraph\">\n<p><\/p>\n<\/div><\/div><\/div>\n\n<div class=\"container\"><div class=\"row\"><div class=\"col-12 paragraph\">\n<p><strong>2021<\/strong>: konsolidacja dzia\u0142alno\u015bci w zakresie odlewania metod\u0105 wosku traconego, odlewania od\u015brodkowego i obr\u00f3bki mechanicznej w jednym, rozbudowanym o ponad 2 500 m\u00b2 i zmodernizowanym zak\u0142adzie w Vern-sur-Seiche, w tym instalacja dw\u00f3ch nowych piec\u00f3w indukcyjnych.<br\/>\u0141\u0105czna powierzchnia produkcyjna MICROSTEEL przekracza 6 100 m\u00b2. <br\/>Wdro\u017cenie nowej identyfikacji wizualnej, nowego has\u0142a i logo dla ca\u0142ej Grupy VIRGO.<\/p>\n<\/div><\/div><\/div>\n\n<div class=\"container\"><div class=\"row\"><div class=\"col-12 paragraph\">\n<p><\/p>\n<\/div><\/div><\/div>\n\n<div class=\"container\"><div class=\"row\"><div class=\"col-12 paragraph\">\n<p><strong>2022<\/strong>: zakup dw\u00f3ch zrobotyzowanych, 5-osiowych centr\u00f3w obr\u00f3bczych oraz maszyny do tribowyka\u0144czania, dedykowanych wyko\u0144czeniu implant\u00f3w medycznych.<\/p>\n<\/div><\/div><\/div><\/div>\n<\/div>\n<\/div><\/div><\/div>\n\n<div class=\"container\"><div class=\"row\"><div class=\"col-12 heading\">\n<h2 class=\"wp-block-heading\">Nasze warto\u015bci \u2014 jako\u015b\u0107 i innowacja nap\u0119dzaj\u0105 nasze dzia\u0142ania<\/h2>\n<\/div><\/div><\/div>\n\n<div class=\"container\"><div class=\"row\"><div class=\"col-12 paragraph\">\n<p>Dzi\u0119ki kulturze wysokich standard\u00f3w, wypracowanej we wsp\u00f3\u0142pracy z klientami z bran\u017cy lotniczej, zespo\u0142y MICROSTEEL uczyni\u0142y jako\u015b\u0107 kluczow\u0105 warto\u015bci\u0105 firmy. Opieraj\u0105c si\u0119 na tym do\u015bwiadczeniu, stawiamy doradztwo w centrum relacji z klientami oraz nieustannie wprowadzamy innowacje, rozwijaj\u0105c nie tylko w\u0142asne rozwi\u0105zania, lecz tak\u017ce wiedz\u0119 i zastosowania materia\u0142owe.  <\/p>\n<\/div><\/div><\/div>\n\n<div class=\"container\"><div class=\"row\"><div class=\"col-12 paragraph\">\n<p>Wraz z firm\u0105 BESNARD, nale\u017c\u0105c\u0105 do Grupy VIRGO, dzielimy wsp\u00f3ln\u0105 kultur\u0119 niezawodno\u015bci przemys\u0142owej, a tak\u017ce te same warto\u015bci pasji i dumy z wykonywanej pracy. Zaanga\u017cowanie, szybko\u015b\u0107 dzia\u0142ania i otwarta wymiana informacji stanowi\u0105 dla nas kluczowe czynniki sukcesu we wsp\u00f3\u0142pracy z klientami. <\/p>\n<\/div><\/div><\/div><\/div>\n<\/div>\n<\/div><\/div><\/div>","protected":false},"excerpt":{"rendered":"<p>1978: powstanie firmy MICROSTEEL w Vern-sur-Seiche (departament 35). Dzia\u0142alno\u015b\u0107 od pocz\u0105tku ukierunkowana na odlewanie precyzyjne metod\u0105 wosku traconego dla przemys\u0142u lotniczego. 1994: utworzenie sp\u00f3\u0142ki CIMD w Corps-Nuds (35), wyspecjalizowanej w odlewaniu od\u015brodkowym oraz obr\u00f3bce stop\u00f3w na bazie kobaltu. 2003: po\u0142\u0105czenie MICROSTEEL i CIMD, powstanie MICROSTEEL-CIMD. 2008: rozbudowa zak\u0142adu w Vern-sur-Seiche oraz instalacja pieca do obr\u00f3bki [&hellip;]<\/p>\n","protected":false},"author":2,"featured_media":0,"parent":0,"menu_order":0,"comment_status":"closed","ping_status":"closed","template":"","meta":{"_acf_changed":false,"footnotes":""},"class_list":["post-14925","page","type-page","status-publish","hentry"],"acf":[],"_links":{"self":[{"href":"https:\/\/www.microsteel.com\/pl\/wp-json\/wp\/v2\/pages\/14925","targetHints":{"allow":["GET"]}}],"collection":[{"href":"https:\/\/www.microsteel.com\/pl\/wp-json\/wp\/v2\/pages"}],"about":[{"href":"https:\/\/www.microsteel.com\/pl\/wp-json\/wp\/v2\/types\/page"}],"author":[{"embeddable":true,"href":"https:\/\/www.microsteel.com\/pl\/wp-json\/wp\/v2\/users\/2"}],"replies":[{"embeddable":true,"href":"https:\/\/www.microsteel.com\/pl\/wp-json\/wp\/v2\/comments?post=14925"}],"version-history":[{"count":3,"href":"https:\/\/www.microsteel.com\/pl\/wp-json\/wp\/v2\/pages\/14925\/revisions"}],"predecessor-version":[{"id":15092,"href":"https:\/\/www.microsteel.com\/pl\/wp-json\/wp\/v2\/pages\/14925\/revisions\/15092"}],"wp:attachment":[{"href":"https:\/\/www.microsteel.com\/pl\/wp-json\/wp\/v2\/media?parent=14925"}],"curies":[{"name":"wp","href":"https:\/\/api.w.org\/{rel}","templated":true}]}}

<div class="container"><div class="row"><div class="col-12 columnsleftrightmedia">
<div class="wp-block-columns is-layout-flex wp-container-core-columns-is-layout-9d6595d7 wp-block-columns-is-layout-flex">
<div class="wp-block-column is-layout-flow wp-block-column-is-layout-flow" style="flex-basis:100%"><div class="container"><div class="row"><div class="col-12 columnsleftrightmedia">
<div class="wp-block-columns is-layout-flex wp-container-core-columns-is-layout-9d6595d7 wp-block-columns-is-layout-flex">
<div class="wp-block-column is-layout-flow wp-block-column-is-layout-flow"><div class="container"><div class="row"><div class="col-12 paragraph">
<p><strong>1978</strong>: powstanie firmy MICROSTEEL w Vern-sur-Seiche (departament 35). Działalność od początku ukierunkowana na odlewanie precyzyjne metodą wosku traconego dla przemysłu lotniczego.</p>
</div></div></div>

<div class="container"><div class="row"><div class="col-12 paragraph">
<p></p>
</div></div></div>

<div class="container"><div class="row"><div class="col-12 paragraph">
<p><strong>1994</strong>: utworzenie spółki CIMD w Corps-Nuds (35), wyspecjalizowanej w odlewaniu odśrodkowym oraz obróbce stopów na bazie kobaltu.</p>
</div></div></div>

<div class="container"><div class="row"><div class="col-12 paragraph">
<p></p>
</div></div></div>

<div class="container"><div class="row"><div class="col-12 paragraph">
<p><strong>2003</strong>: połączenie MICROSTEEL i CIMD, powstanie MICROSTEEL-CIMD.</p>
</div></div></div>

<div class="container"><div class="row"><div class="col-12 paragraph">
<p></p>
</div></div></div>

<div class="container"><div class="row"><div class="col-12 paragraph">
<p><strong>2008</strong>: rozbudowa zakładu w Vern-sur-Seiche oraz instalacja pieca do obróbki cieplnej w próżni.</p>
</div></div></div>

<div class="container"><div class="row"><div class="col-12 paragraph">
<p></p>
</div></div></div>

<div class="container"><div class="row"><div class="col-12 paragraph">
<p><strong>2011</strong>: rozbudowa zakładu w Corps-Nuds, instalacja indukcyjnego pieca do topienia na szynach o pojemności 150 kg oraz zakup 4-osiowego centrum obróbczego.</p>
</div></div></div>

<div class="container"><div class="row"><div class="col-12 paragraph">
<p></p>
</div></div></div>

<div class="container"><div class="row"><div class="col-12 paragraph">
<p><strong>2012 / 2013</strong>: druga faza rozbudowy zakładu w Vern-sur-Seiche; instalacja pieca do topienia odlewów z tytanu (25 kg) oraz superstopów (80 kg).</p>
</div></div></div>

<div class="container"><div class="row"><div class="col-12 paragraph">
<p></p>
</div></div></div>

<div class="container"><div class="row"><div class="col-12 paragraph">
<p><strong>2014</strong>: zakup dwóch nowych maszyn do cięcia drutowego oraz maszyny do docierania dla zakładu w Corps-Nuds.</p>
</div></div></div>

<div class="container"><div class="row"><div class="col-12 paragraph">
<p></p>
</div></div></div>

<div class="container"><div class="row"><div class="col-12 paragraph">
<p><strong>2015</strong>: zakup współrzędnościowej maszyny pomiarowej ZEISS, kolejnych maszyn do cięcia drutowego oraz pieca do podgrzewania form dla odlewów z tytanu.</p>
</div></div></div>

<div class="container"><div class="row"><div class="col-12 paragraph">
<p></p>
</div></div></div>

<div class="container"><div class="row"><div class="col-12 paragraph">
<p><strong>2017</strong>: utworzenie Grupy VIRGO, obejmującej spółki MICROSTEEL-CIMD oraz BESNARD, specjalistę w zakresie form do termoformowania, rotomouldingu i obróbki mechanicznej (Flers, 61).</p>
</div></div></div></div>



<div class="wp-block-column is-layout-flow wp-block-column-is-layout-flow"><div class="container"><div class="row"><div class="col-12 paragraph">
<p><strong>2018</strong>: doposażenie MICROSTEEL-CIMD w zaawansowane środki obróbcze umożliwiające kompleksową obsługę klientów; objęcie stanowiska Dyrektora Generalnego przez Didiera Chaboche’a. </p>
</div></div></div>

<div class="container"><div class="row"><div class="col-12 paragraph">
<p></p>
</div></div></div>

<div class="container"><div class="row"><div class="col-12 paragraph">
<p>2019: rozbudowa zakładu w Vern-sur-Seiche o ponad 550 m<sup>²</sup> powierzchni magazynowej; reorganizacja produkcji umożliwiająca wytwarzanie większych elementów; zakup trzeciego pieca do obróbki cieplnej. </p>
</div></div></div>

<div class="container"><div class="row"><div class="col-12 paragraph">
<p></p>
</div></div></div>

<div class="container"><div class="row"><div class="col-12 paragraph">
<p><strong>2020</strong>: Didier Chaboche zostaje Prezesem Grupy VIRGO.<br/>MICROSTEEL dywersyfikuje działalność, wchodząc na rynek implantów medycznych, i uzyskuje certyfikację ISO 13485.</p>
</div></div></div>

<div class="container"><div class="row"><div class="col-12 paragraph">
<p></p>
</div></div></div>

<div class="container"><div class="row"><div class="col-12 paragraph">
<p><strong>2021</strong>: konsolidacja działalności w zakresie odlewania metodą wosku traconego, odlewania odśrodkowego i obróbki mechanicznej w jednym, rozbudowanym o ponad 2 500 m² i zmodernizowanym zakładzie w Vern-sur-Seiche, w tym instalacja dwóch nowych pieców indukcyjnych.<br/>Łączna powierzchnia produkcyjna MICROSTEEL przekracza 6 100 m². <br/>Wdrożenie nowej identyfikacji wizualnej, nowego hasła i logo dla całej Grupy VIRGO.</p>
</div></div></div>

<div class="container"><div class="row"><div class="col-12 paragraph">
<p></p>
</div></div></div>

<div class="container"><div class="row"><div class="col-12 paragraph">
<p><strong>2022</strong>: zakup dwóch zrobotyzowanych, 5-osiowych centrów obróbczych oraz maszyny do tribowykańczania, dedykowanych wykończeniu implantów medycznych.</p>
</div></div></div></div>
</div>
</div></div></div>

<div class="container"><div class="row"><div class="col-12 heading">
<h2 class="wp-block-heading">Nasze wartości — jakość i innowacja napędzają nasze działania</h2>
</div></div></div>

<div class="container"><div class="row"><div class="col-12 paragraph">
<p>Dzięki kulturze wysokich standardów, wypracowanej we współpracy z klientami z branży lotniczej, zespoły MICROSTEEL uczyniły jakość kluczową wartością firmy. Opierając się na tym doświadczeniu, stawiamy doradztwo w centrum relacji z klientami oraz nieustannie wprowadzamy innowacje, rozwijając nie tylko własne rozwiązania, lecz także wiedzę i zastosowania materiałowe.  </p>
</div></div></div>

<div class="container"><div class="row"><div class="col-12 paragraph">
<p>Wraz z firmą BESNARD, należącą do Grupy VIRGO, dzielimy wspólną kulturę niezawodności przemysłowej, a także te same wartości pasji i dumy z wykonywanej pracy. Zaangażowanie, szybkość działania i otwarta wymiana informacji stanowią dla nas kluczowe czynniki sukcesu we współpracy z klientami. </p>
</div></div></div></div>
</div>
</div></div></div>

<p>1978: powstanie firmy MICROSTEEL w Vern-sur-Seiche (departament 35). Działalność od początku ukierunkowana na odlewanie precyzyjne metodą wosku traconego dla przemysłu lotniczego. 1994: utworzenie spółki CIMD w Corps-Nuds (35), wyspecjalizowanej w odlewaniu odśrodkowym oraz obróbce stopów na bazie kobaltu. 2003: połączenie MICROSTEEL i CIMD, powstanie MICROSTEEL-CIMD. 2008: rozbudowa zakładu w Vern-sur-Seiche oraz instalacja pieca do obróbki [&hellip;]</p>
